ctor of k and f.
19
Let m(j) = 8*j - 128. Let p be m(19). What is the greatest common divisor of 120 and p?
24
Suppose -379 = -31*u + 1667. Calculate the highest common divisor of 99 and u.
33
Let n = 109 + -115. Let a(p) = -15*p - 63. Let t be a(n). What is the highest common factor of 54 and t?
27
Suppose 0 = 5*d - k + 405, 5*k + 162 = -0*d - 2*d. Let m be 109/(-2) + (-15)/10. Let g = m - d. What is the highest common factor of 5 and g?
5
Suppose 0 = x + 3*x - 36. Let b be -15*(6/x)/(-1). Suppose 0*d = 5*d - b. Calculate the highest common divisor of d and 2.
2
Suppose z = 11 + 9. Let u(j) = 73*j + 7. Let o(d) = 4*d + 17. Let r be o(-4). Let a be u(r). Calculate the highest common factor of a and z.
20
Suppose -4*j = -4*o + 152, o - 157 = -3*o - j. Suppose -6*q + 153 + o = 0. What is the greatest common factor of q and 80?
16
Suppose 999 = 11*j - 2*j. Let q be j/9 - (-2)/(-6). Calculate the greatest common factor of 42 and q.
6
Suppose 5*c = -5*b + 775, -33*b - 4*c = -32*b - 170. Calculate the highest common factor of 120 and b.
30
Let p(c) = c**2 + 4*c - 2. Let u be p(-6). Let j be 2*300/32*196/147. Calculate the highest common divisor of u and j.
5
Let c be -1 + 2 + (-1)/1. Suppose 6*j - 2*j - 48 = c. Suppose 3*s = -2*s + b + j, 3*s = -5*b + 24. What is the highest common factor of 1 and s?
1
Let k(s) = s**2 - 3*s + 10. Let v be k(-3). Suppose -5*h + 2*i + 70 = -v, 3*h - 3*i - 66 = 0. Calculate the highest common divisor of 144 and h.
18
Let r(f) be the second derivative of 17*f**3/6 - 39*f**2/2 - 7*f. Let b be r(6). Let s be (-35)/(-4) + 1/4. Calculate the highest common divisor of b and s.
9
Let f be (228/15)/((-2)/10). Let m = f + 131. What is the highest common factor of m and 22?
11
Let x(i) = i**2 + i - 2. Let w be x(2). Let c = -481 + 481. Let t be w + (-32)/(-1) + c. What is the greatest common factor of 18 and t?
18
Suppose -4*n + 465 = n. Suppose 4*d + 5*r - n = 148, r - 275 = -5*d. Suppose 0 = -t + 2*t - 6. Calculate the greatest common factor of t and d.
6
Suppose -5*r - 2*k = 394, 3*r + 3*k + 0*k = -240. Let l = r + 81. Calculate the highest common divisor of l and 9.
3
Let s = 30 - 27. Suppose -s*r - 7*r + 320 = 0. Calculate the greatest common factor of 80 and r.
16
Let c(l) = -l**3 + 2*l**2 + 15*l + 7. Let g be c(-3). What is the greatest common divisor of 49 and g?
7
Suppose 4*b + 2*h - 84 = 0, 2*h + 31 = 4*b - 37. Let r = -19 + b. Suppose 3*i + 2*i = 0, 4*o - 5*i - 48 = r. Calculate the greatest common divisor of 36 and o.
12
Let k = -58 - -62. Suppose -2*a = -3*c + 8*c - 41, -47 = -5*c - k*a. What is the highest common factor of 56 and c?
7
Let c be ((-1)/(-2))/(4/(-208)). Let p be 4/c - (-1650)/78. Suppose 2*v - p = -v. What is the greatest common divisor of v and 56?
7
Let c = -331 + 1409. Suppose 5*f = -2*f + c. Let x(g) = g**2 + g + 2. Let z be x(-5). Calculate the greatest common factor of f and z.
22
Suppose 97 - 45 = 3*h - 5*p, 0 = -3*h - 5*p + 2. What is the highest common factor of 423 and h?
9
Suppose -143 = -3*y + 2*w + 592, -234 = -y - 3*w. Calculate the highest common divisor of y and 9.
9
Suppose 745*a - 288 = 741*a. Calculate the greatest common divisor of a and 27.
9
Let v = -13 - -20. Suppose -6 = -3*a + 2*o + 9, 0 = 5*a + o - 38. Calculate the highest common divisor of v and a.
7
Let q = -64 - -67. Suppose q*g = 2*g - m + 41, m = -4*g + 173. What is the greatest common divisor of g and 110?
22
Suppose 307 = 2*q + 97. Let b = q + 39. Calculate the highest common factor of b and 18.
18
Suppose -5*d = 3*v - 2*v, -2*d + 26 = 3*v. Calculate the greatest common divisor of 250 and v.
10
Let b(z) = z**3 + 9*z**2 + 9*z + 3. Let s be b(-7). Suppose -2*x + 4*m + 174 = 0, 3*m = -3*x + 4*m + 281. What is the greatest common divisor of x and s?
19
Let w be 7 + 10/6*-3. Let g(t) = 33*t**2 + 1. Let n be g(1). Let i = 56 - n. What is the greatest common factor of w and i?
2
Let f(p) = 6*p**2 + 3. Let i be f(4). What is the greatest common factor of i and 77?
11
Let h = -1 + 8. Let t = h - 5. Suppose -2*k + 2*p + 16 = 0, 9*p - 4*p + 28 = 2*k. What is the highest common divisor of k and t?
2
Suppose -46 = -2*j + 198. Let p = -72 + j. Let t be (-2 + 17)*(-4)/(-6). What is the highest common factor of t and p?
10
Let b(n) = n**3 + n**2 - 3*n + 8. Let u be b(2). Suppose o = -5*m - 0*o + 275, 2*o + 10 = 0. Calculate the greatest common divisor of m and u.
14
Let g(h) = -h**2 - 15*h - 3. Let r be g(-6). Suppose 9 = 3*y - r. What is the highest common factor of 140 and y?
20
Suppose -16 = -2*a - 2*a. Suppose 2*t + 5*b = 6*t - 33, 20 = -a*b. Let j(d) = 4*d + 8. Let q be j(0). Calculate the highest common factor of q and t.
2
Suppose 0 = r - 432 + 124. Let k be (0 - (8 - 1))*-4. Calculate the greatest common factor of k and r.
28
Suppose 5*h - h - 37 = -3*u, -3*h = -4*u - 34. What is the highest common factor of h and 5?
5
Suppose 0*l + 15 = 5*l. Suppose 4*m - 27 - 53 = 0. Let p = m + l. Calculate the highest common divisor of 23 and p.
23
Suppose -2*a + 12 + 2 = 0. Suppose -4*b + 220 = 2*p, 3*b + 2*p = -3*p + 151. Suppose 111 = 3*u - b. Calculate the greatest common factor of a and u.
7
Let j be ((-132)/16)/((-30)/160). Calculate the highest common divisor of 66 and j.
22
Let d be 9684/(-45) - (-1)/5. Suppose 3*w = -w - 5*b - 1235, 0 = -4*w + 4*b - 1280. Let z = d - w. Calculate the highest common factor of z and 40.
20
Suppose 0 = 4*y - 142 - 2. Let w = -27 + 16. Let q = y + w. Calculate the highest common divisor of q and 5.
5
Suppose -1365 + 9177 = 14*j. Calculate the greatest common factor of 18 and j.
18
Let a be (38/(-5))/((-7)/70). Suppose -2*z + a = v - 37, -5*z = 2*v - 280. Calculate the highest common divisor of 72 and z.
18
Let k = -356 - -389. Calculate the highest common divisor of 561 and k.
33
Let w be -1 - -13*4 - 2. Suppose w = 5*b - 41. Calculate the greatest common factor of 2 and b.
2
Let w(y) = -y**3 - 5*y**2 + y + 2. Let i be w(-5). Let t be ((-2178)/27)/(((-6)/i)/(-6)). Calculate the greatest common factor of t and 22.
22
Let g = 0 - 0. Suppose 2*l - 203 + 49 = g. Suppose -5*u - 4 = -39. What is the greatest common divisor of u and l?
7
Let i(o) = o**2 + 9*o + 14. Let z be i(-4). Let q be 4 - z/(12/10). What is the greatest common factor of q and 27?
9
Let l be 2/7 - (1215/(-35) - 2). Let a = l + -35. Calculate the greatest common divisor of a and 34.
2
Suppose 2*u - g = 847, u + 12*g - 410 = 8*g. Calculate the greatest common divisor of u and 2.
2
Let a(r) = r**3 - 7*r**2 + 11*r - 21. Suppose -2*n - 10 = -2*x, 5*x = 3*n - 15 + 42. Let l be a(x). What is the greatest common factor of l and 15?
3
Let l be (-4)/5*(-37 + 2). Let k be ((-29)/(174/180))/(6/(-4)). Suppose -21*r + k*r + 196 = 0. What is the greatest common divisor of r and l?
28
Suppose 51*u + 1768 = 64*u. Calculate the highest common factor of 17 and u.
17
Suppose 0 = -4*p - 2*x + 192, -4*x - 50 = -p - 5*x. Let q(g) = g**2 - 18*g + 47. Let c be q(15). What is the highest common factor of p and c?
2
Suppose -5*u + 7 = -3. Suppose 2*k = -5*n - 282, u + 1 = -3*k. Let r be (-1328)/n + (-4)/(-14). What is the highest common factor of 6 and r?
6
Suppose 5*a - 516 = -26. Let f = -1084 + 1098. What is the greatest common factor of f and a?
14
Suppose -5*g - r + 1262 - 181 = 0, 0 = -5*r - 20. Calculate the highest common factor of 62 and g.
31
Let j(m) = m**2 - 5*m. Let g be j(5). Suppose 4*a + 3*o - 4 = -g, -3*a = 2*o - 4. What is the highest common factor of 1 and a?
1
Suppose 283 - 59 = 2*g. What is the highest common factor of 40 and g?
8
Let t = -1 - 0. Let y(l) = 12*l**2 + l + 1. Let a be y(t). Let u be 4/a - 368/(-12). Calculate the highest common factor of u and 93.
31
Let i(o) = -12 + 3 - 4*o - 3 + 6*o. Let r(j) = -j**3 + 5*j**2 + j + 6. Let g be r(5). Let a be i(g). What is the greatest common factor of 15 and a?
5
Let v(c) = c**3 - 5*c**2 - 3*c - 21. Let r be v(6). Let l = -20 + 14. Let p be ((-38)/l)/(r/(-9)). Calculate the greatest common divisor of p and 19.
19
Let h be (2/3)/((-4)/204). Suppose 0 = -4*q + 2*a + 276, -2*a = a + 12. Let s = h + q. What is the greatest common divisor of s and 22?
11
Let y be ((-68)/16)/(3/(-12)). What is the greatest common divisor of 629 and y?
17
Suppose 5*q + 0*u = 5*u + 185, -4*q + 160 = -u. Suppose 